{"id":2,"date":"2025-01-18T23:34:33","date_gmt":"2025-01-18T22:34:33","guid":{"rendered":"http:\/\/wordpress.gitehulotte.fr\/?page_id=2"},"modified":"2025-03-04T15:28:48","modified_gmt":"2025-03-04T14:28:48","slug":"page-d-exemple","status":"publish","type":"page","link":"https:\/\/gitehulotte.fr\/index.php\/page-d-exemple\/","title":{"rendered":"Les Hulottes en photo"},"content":{"rendered":"\n<blockquote class=\"wp-block-quote is-layout-flow wp-block-quote-is-layout-flow\">\n<p>Dans une construction en pierres, le grand espace du G\u00eete des Hulottes est un moyen de d\u00e9tente dans un lieu reposant, au centre d&rsquo;une r\u00e9gion riche en patrimoines et lieux touristiques.<\/p>\n<\/blockquote>\n\n\n\n<figure class=\"wp-block-gallery has-nested-images columns-2 is-cropped wp-block-gallery-1 is-layout-flex wp-block-gallery-is-layout-flex\">\n<figure class=\"wp-block-image size-full\"><img loading=\"lazy\" decoding=\"async\" width=\"1182\" height=\"886\" data-id=\"116\" src=\"https:\/\/gitehulotte.fr\/wp-content\/uploads\/2025\/01\/big_crbst_DDSC09325-1.jpg\" alt=\"\" class=\"wp-image-116\" srcset=\"https:\/\/gitehulotte.fr\/wp-content\/uploads\/2025\/01\/big_crbst_DDSC09325-1.jpg 1182w, https:\/\/gitehulotte.fr\/wp-content\/uploads\/2025\/01\/big_crbst_DDSC09325-1-300x225.jpg 300w, https:\/\/gitehulotte.fr\/wp-content\/uploads\/2025\/01\/big_crbst_DDSC09325-1-1024x768.jpg 1024w, https:\/\/gitehulotte.fr\/wp-content\/uploads\/2025\/01\/big_crbst_DDSC09325-1-768x576.jpg 768w, https:\/\/gitehulotte.fr\/wp-content\/uploads\/2025\/01\/big_crbst_DDSC09325-1-390x293.jpg 390w\" sizes=\"auto, (max-width: 1182px) 100vw, 1182px\" \/><\/figure>\n\n\n\n<figure class=\"wp-block-image size-full\"><img loading=\"lazy\" decoding=\"async\" width=\"1182\" height=\"886\" data-id=\"130\" src=\"https:\/\/gitehulotte.fr\/wp-content\/uploads\/2025\/01\/big_crbst_grange016.jpg\" alt=\"\" class=\"wp-image-130\" srcset=\"https:\/\/gitehulotte.fr\/wp-content\/uploads\/2025\/01\/big_crbst_grange016.jpg 1182w, https:\/\/gitehulotte.fr\/wp-content\/uploads\/2025\/01\/big_crbst_grange016-300x225.jpg 300w, https:\/\/gitehulotte.fr\/wp-content\/uploads\/2025\/01\/big_crbst_grange016-1024x768.jpg 1024w, https:\/\/gitehulotte.fr\/wp-content\/uploads\/2025\/01\/big_crbst_grange016-768x576.jpg 768w, https:\/\/gitehulotte.fr\/wp-content\/uploads\/2025\/01\/big_crbst_grange016-390x293.jpg 390w\" sizes=\"auto, (max-width: 1182px) 100vw, 1182px\" \/><\/figure>\n\n\n\n<figure class=\"wp-block-image size-full\"><img loading=\"lazy\" decoding=\"async\" width=\"1182\" height=\"886\" data-id=\"115\" src=\"https:\/\/gitehulotte.fr\/wp-content\/uploads\/2025\/01\/big_crbst_DSC09322_edited0.jpg\" alt=\"\" class=\"wp-image-115\" srcset=\"https:\/\/gitehulotte.fr\/wp-content\/uploads\/2025\/01\/big_crbst_DSC09322_edited0.jpg 1182w, https:\/\/gitehulotte.fr\/wp-content\/uploads\/2025\/01\/big_crbst_DSC09322_edited0-300x225.jpg 300w, https:\/\/gitehulotte.fr\/wp-content\/uploads\/2025\/01\/big_crbst_DSC09322_edited0-1024x768.jpg 1024w, https:\/\/gitehulotte.fr\/wp-content\/uploads\/2025\/01\/big_crbst_DSC09322_edited0-768x576.jpg 768w, https:\/\/gitehulotte.fr\/wp-content\/uploads\/2025\/01\/big_crbst_DSC09322_edited0-390x293.jpg 390w\" sizes=\"auto, (max-width: 1182px) 100vw, 1182px\" \/><\/figure>\n\n\n\n<figure class=\"wp-block-image size-full\"><img loading=\"lazy\" decoding=\"async\" width=\"1182\" height=\"886\" data-id=\"119\" src=\"https:\/\/gitehulotte.fr\/wp-content\/uploads\/2025\/01\/big_crbst_DSC09328_edited.jpg\" alt=\"\" class=\"wp-image-119\" srcset=\"https:\/\/gitehulotte.fr\/wp-content\/uploads\/2025\/01\/big_crbst_DSC09328_edited.jpg 1182w, https:\/\/gitehulotte.fr\/wp-content\/uploads\/2025\/01\/big_crbst_DSC09328_edited-300x225.jpg 300w, https:\/\/gitehulotte.fr\/wp-content\/uploads\/2025\/01\/big_crbst_DSC09328_edited-1024x768.jpg 1024w, https:\/\/gitehulotte.fr\/wp-content\/uploads\/2025\/01\/big_crbst_DSC09328_edited-768x576.jpg 768w, https:\/\/gitehulotte.fr\/wp-content\/uploads\/2025\/01\/big_crbst_DSC09328_edited-390x293.jpg 390w\" sizes=\"auto, (max-width: 1182px) 100vw, 1182px\" \/><\/figure>\n\n\n\n<figure class=\"wp-block-image size-full\"><img loading=\"lazy\" decoding=\"async\" width=\"1182\" height=\"886\" data-id=\"129\" src=\"https:\/\/gitehulotte.fr\/wp-content\/uploads\/2025\/01\/big_crbst_grange12.jpg\" alt=\"\" class=\"wp-image-129\" srcset=\"https:\/\/gitehulotte.fr\/wp-content\/uploads\/2025\/01\/big_crbst_grange12.jpg 1182w, https:\/\/gitehulotte.fr\/wp-content\/uploads\/2025\/01\/big_crbst_grange12-300x225.jpg 300w, https:\/\/gitehulotte.fr\/wp-content\/uploads\/2025\/01\/big_crbst_grange12-1024x768.jpg 1024w, https:\/\/gitehulotte.fr\/wp-content\/uploads\/2025\/01\/big_crbst_grange12-768x576.jpg 768w, https:\/\/gitehulotte.fr\/wp-content\/uploads\/2025\/01\/big_crbst_grange12-390x293.jpg 390w\" sizes=\"auto, (max-width: 1182px) 100vw, 1182px\" \/><\/figure>\n\n\n\n<figure class=\"wp-block-image size-full\"><img loading=\"lazy\" decoding=\"async\" width=\"1182\" height=\"886\" data-id=\"131\" src=\"https:\/\/gitehulotte.fr\/wp-content\/uploads\/2025\/01\/big_crbst_grange140.jpg\" alt=\"\" class=\"wp-image-131\" srcset=\"https:\/\/gitehulotte.fr\/wp-content\/uploads\/2025\/01\/big_crbst_grange140.jpg 1182w, https:\/\/gitehulotte.fr\/wp-content\/uploads\/2025\/01\/big_crbst_grange140-300x225.jpg 300w, https:\/\/gitehulotte.fr\/wp-content\/uploads\/2025\/01\/big_crbst_grange140-1024x768.jpg 1024w, https:\/\/gitehulotte.fr\/wp-content\/uploads\/2025\/01\/big_crbst_grange140-768x576.jpg 768w, https:\/\/gitehulotte.fr\/wp-content\/uploads\/2025\/01\/big_crbst_grange140-390x293.jpg 390w\" sizes=\"auto, (max-width: 1182px) 100vw, 1182px\" \/><\/figure>\n\n\n\n<figure class=\"wp-block-image size-full\"><img loading=\"lazy\" decoding=\"async\" width=\"576\" height=\"768\" data-id=\"419\" src=\"https:\/\/gitehulotte.fr\/wp-content\/uploads\/2025\/02\/643291193.jpg\" alt=\"\" class=\"wp-image-419\" srcset=\"https:\/\/gitehulotte.fr\/wp-content\/uploads\/2025\/02\/643291193.jpg 576w, https:\/\/gitehulotte.fr\/wp-content\/uploads\/2025\/02\/643291193-225x300.jpg 225w\" sizes=\"auto, (max-width: 576px) 100vw, 576px\" \/><\/figure>\n\n\n\n<figure class=\"wp-block-image size-full\"><img loading=\"lazy\" decoding=\"async\" width=\"576\" height=\"768\" data-id=\"418\" src=\"https:\/\/gitehulotte.fr\/wp-content\/uploads\/2025\/02\/643291232.jpg\" alt=\"\" class=\"wp-image-418\" srcset=\"https:\/\/gitehulotte.fr\/wp-content\/uploads\/2025\/02\/643291232.jpg 576w, https:\/\/gitehulotte.fr\/wp-content\/uploads\/2025\/02\/643291232-225x300.jpg 225w\" sizes=\"auto, (max-width: 576px) 100vw, 576px\" \/><\/figure>\n\n\n\n<figure class=\"wp-block-image size-full\"><img loading=\"lazy\" decoding=\"async\" width=\"1182\" height=\"886\" data-id=\"120\" src=\"https:\/\/gitehulotte.fr\/wp-content\/uploads\/2025\/01\/big_crbst_grange03.jpg\" alt=\"\" class=\"wp-image-120\" srcset=\"https:\/\/gitehulotte.fr\/wp-content\/uploads\/2025\/01\/big_crbst_grange03.jpg 1182w, https:\/\/gitehulotte.fr\/wp-content\/uploads\/2025\/01\/big_crbst_grange03-300x225.jpg 300w, https:\/\/gitehulotte.fr\/wp-content\/uploads\/2025\/01\/big_crbst_grange03-1024x768.jpg 1024w, https:\/\/gitehulotte.fr\/wp-content\/uploads\/2025\/01\/big_crbst_grange03-768x576.jpg 768w, https:\/\/gitehulotte.fr\/wp-content\/uploads\/2025\/01\/big_crbst_grange03-390x293.jpg 390w\" sizes=\"auto, (max-width: 1182px) 100vw, 1182px\" \/><\/figure>\n\n\n\n<figure class=\"wp-block-image size-full\"><img loading=\"lazy\" decoding=\"async\" width=\"1182\" height=\"886\" data-id=\"121\" src=\"https:\/\/gitehulotte.fr\/wp-content\/uploads\/2025\/01\/big_crbst_grange04.jpg\" alt=\"\" class=\"wp-image-121\" srcset=\"https:\/\/gitehulotte.fr\/wp-content\/uploads\/2025\/01\/big_crbst_grange04.jpg 1182w, https:\/\/gitehulotte.fr\/wp-content\/uploads\/2025\/01\/big_crbst_grange04-300x225.jpg 300w, https:\/\/gitehulotte.fr\/wp-content\/uploads\/2025\/01\/big_crbst_grange04-1024x768.jpg 1024w, https:\/\/gitehulotte.fr\/wp-content\/uploads\/2025\/01\/big_crbst_grange04-768x576.jpg 768w, https:\/\/gitehulotte.fr\/wp-content\/uploads\/2025\/01\/big_crbst_grange04-390x293.jpg 390w\" sizes=\"auto, (max-width: 1182px) 100vw, 1182px\" \/><\/figure>\n\n\n\n<figure class=\"wp-block-image size-large\"><img loading=\"lazy\" decoding=\"async\" width=\"600\" height=\"800\" data-id=\"435\" src=\"https:\/\/gitehulotte.fr\/wp-content\/uploads\/2025\/03\/8acdc09ed85962291b37f5573d8f0a343999c7a7.jpg\" alt=\"\" class=\"wp-image-435\" srcset=\"https:\/\/gitehulotte.fr\/wp-content\/uploads\/2025\/03\/8acdc09ed85962291b37f5573d8f0a343999c7a7.jpg 600w, https:\/\/gitehulotte.fr\/wp-content\/uploads\/2025\/03\/8acdc09ed85962291b37f5573d8f0a343999c7a7-225x300.jpg 225w\" sizes=\"auto, (max-width: 600px) 100vw, 600px\" \/><\/figure>\n\n\n\n<figure class=\"wp-block-image size-full\"><img loading=\"lazy\" decoding=\"async\" width=\"600\" height=\"800\" data-id=\"426\" src=\"https:\/\/gitehulotte.fr\/wp-content\/uploads\/2025\/03\/6938934f003b39afb43ca2212e71aac0e03f4384.jpg\" alt=\"\" class=\"wp-image-426\" srcset=\"https:\/\/gitehulotte.fr\/wp-content\/uploads\/2025\/03\/6938934f003b39afb43ca2212e71aac0e03f4384.jpg 600w, https:\/\/gitehulotte.fr\/wp-content\/uploads\/2025\/03\/6938934f003b39afb43ca2212e71aac0e03f4384-225x300.jpg 225w\" sizes=\"auto, (max-width: 600px) 100vw, 600px\" \/><\/figure>\n\n\n\n<figure class=\"wp-block-image size-full\"><img loading=\"lazy\" decoding=\"async\" width=\"600\" height=\"800\" data-id=\"427\" src=\"https:\/\/gitehulotte.fr\/wp-content\/uploads\/2025\/03\/a8a6b1b4eba0171485983472a3fff7f5f79666f5.jpg\" alt=\"\" class=\"wp-image-427\" srcset=\"https:\/\/gitehulotte.fr\/wp-content\/uploads\/2025\/03\/a8a6b1b4eba0171485983472a3fff7f5f79666f5.jpg 600w, https:\/\/gitehulotte.fr\/wp-content\/uploads\/2025\/03\/a8a6b1b4eba0171485983472a3fff7f5f79666f5-225x300.jpg 225w\" sizes=\"auto, (max-width: 600px) 100vw, 600px\" \/><\/figure>\n\n\n\n<figure class=\"wp-block-image size-full\"><img loading=\"lazy\" decoding=\"async\" width=\"600\" height=\"800\" data-id=\"429\" src=\"https:\/\/gitehulotte.fr\/wp-content\/uploads\/2025\/03\/cf8679809289e2d098742148b209e381e481a6c4.jpg\" alt=\"\" class=\"wp-image-429\" srcset=\"https:\/\/gitehulotte.fr\/wp-content\/uploads\/2025\/03\/cf8679809289e2d098742148b209e381e481a6c4.jpg 600w, https:\/\/gitehulotte.fr\/wp-content\/uploads\/2025\/03\/cf8679809289e2d098742148b209e381e481a6c4-225x300.jpg 225w\" sizes=\"auto, (max-width: 600px) 100vw, 600px\" \/><\/figure>\n\n\n\n<figure class=\"wp-block-image size-full\"><img loading=\"lazy\" decoding=\"async\" width=\"600\" height=\"800\" data-id=\"430\" src=\"https:\/\/gitehulotte.fr\/wp-content\/uploads\/2025\/03\/0acfa526f0b64445306eb47a68304dd76ad58406.jpg\" alt=\"\" class=\"wp-image-430\" srcset=\"https:\/\/gitehulotte.fr\/wp-content\/uploads\/2025\/03\/0acfa526f0b64445306eb47a68304dd76ad58406.jpg 600w, https:\/\/gitehulotte.fr\/wp-content\/uploads\/2025\/03\/0acfa526f0b64445306eb47a68304dd76ad58406-225x300.jpg 225w\" sizes=\"auto, (max-width: 600px) 100vw, 600px\" \/><\/figure>\n\n\n\n<figure class=\"wp-block-image size-full\"><img loading=\"lazy\" decoding=\"async\" width=\"600\" height=\"800\" data-id=\"431\" src=\"https:\/\/gitehulotte.fr\/wp-content\/uploads\/2025\/03\/31f3b42dec07975390b3f734f2837e657c41a7b1.jpg\" alt=\"\" class=\"wp-image-431\" srcset=\"https:\/\/gitehulotte.fr\/wp-content\/uploads\/2025\/03\/31f3b42dec07975390b3f734f2837e657c41a7b1.jpg 600w, https:\/\/gitehulotte.fr\/wp-content\/uploads\/2025\/03\/31f3b42dec07975390b3f734f2837e657c41a7b1-225x300.jpg 225w\" sizes=\"auto, (max-width: 600px) 100vw, 600px\" \/><\/figure>\n\n\n\n<figure class=\"wp-block-image size-full\"><img loading=\"lazy\" decoding=\"async\" width=\"600\" height=\"800\" data-id=\"432\" src=\"https:\/\/gitehulotte.fr\/wp-content\/uploads\/2025\/03\/2a34c3696398044bb043eca06868f8c2779bde25.jpg\" alt=\"\" class=\"wp-image-432\" srcset=\"https:\/\/gitehulotte.fr\/wp-content\/uploads\/2025\/03\/2a34c3696398044bb043eca06868f8c2779bde25.jpg 600w, https:\/\/gitehulotte.fr\/wp-content\/uploads\/2025\/03\/2a34c3696398044bb043eca06868f8c2779bde25-225x300.jpg 225w\" sizes=\"auto, (max-width: 600px) 100vw, 600px\" \/><\/figure>\n\n\n\n<figure class=\"wp-block-image size-full\"><img loading=\"lazy\" decoding=\"async\" width=\"600\" height=\"800\" data-id=\"433\" src=\"https:\/\/gitehulotte.fr\/wp-content\/uploads\/2025\/03\/ea06dfd6583ffd8706978b8f389a753128f441d0.jpg\" alt=\"\" class=\"wp-image-433\" srcset=\"https:\/\/gitehulotte.fr\/wp-content\/uploads\/2025\/03\/ea06dfd6583ffd8706978b8f389a753128f441d0.jpg 600w, https:\/\/gitehulotte.fr\/wp-content\/uploads\/2025\/03\/ea06dfd6583ffd8706978b8f389a753128f441d0-225x300.jpg 225w\" sizes=\"auto, (max-width: 600px) 100vw, 600px\" \/><\/figure>\n<\/figure>\n\n\n\n<p><\/p>\n","protected":false},"excerpt":{"rendered":"<p>Dans une construction en pierres, le grand espace du G\u00eete des Hulottes est un moyen de d\u00e9tente dans un lieu reposant, au centre d&rsquo;une r\u00e9gion riche en patrimoines et lieux touristiques.<\/p>\n","protected":false},"author":1,"featured_media":0,"parent":0,"menu_order":0,"comment_status":"closed","ping_status":"open","template":"","meta":{"footnotes":""},"class_list":["post-2","page","type-page","status-publish","hentry"],"_links":{"self":[{"href":"https:\/\/gitehulotte.fr\/index.php\/wp-json\/wp\/v2\/pages\/2","targetHints":{"allow":["GET"]}}],"collection":[{"href":"https:\/\/gitehulotte.fr\/index.php\/wp-json\/wp\/v2\/pages"}],"about":[{"href":"https:\/\/gitehulotte.fr\/index.php\/wp-json\/wp\/v2\/types\/page"}],"author":[{"embeddable":true,"href":"https:\/\/gitehulotte.fr\/index.php\/wp-json\/wp\/v2\/users\/1"}],"replies":[{"embeddable":true,"href":"https:\/\/gitehulotte.fr\/index.php\/wp-json\/wp\/v2\/comments?post=2"}],"version-history":[{"count":9,"href":"https:\/\/gitehulotte.fr\/index.php\/wp-json\/wp\/v2\/pages\/2\/revisions"}],"predecessor-version":[{"id":437,"href":"https:\/\/gitehulotte.fr\/index.php\/wp-json\/wp\/v2\/pages\/2\/revisions\/437"}],"wp:attachment":[{"href":"https:\/\/gitehulotte.fr\/index.php\/wp-json\/wp\/v2\/media?parent=2"}],"curies":[{"name":"wp","href":"https:\/\/api.w.org\/{rel}","templated":true}]}}